{"id":8735,"date":"2017-09-11T14:20:08","date_gmt":"2017-09-11T14:20:08","guid":{"rendered":"http:\/\/ctreencontro.org.br\/?page_id=8735"},"modified":"2017-09-11T14:27:02","modified_gmt":"2017-09-11T14:27:02","slug":"eventos","status":"publish","type":"page","link":"https:\/\/ctreencontro.org.br\/index.php\/eventos\/","title":{"rendered":"Eventos"},"content":{"rendered":"<p>[vc_row][vc_column width=&#8221;1\/2&#8243;][vc_column_text]<\/p>\n<h3 style=\"text-align: center;\">Participa\u00e7\u00e3o no festival gastron\u00f4mico para arrecadar<br \/>\nfundos para nossa obra social.<\/h3>\n<p>[\/vc_column_text][\/vc_column][vc_column width=&#8221;1\/2&#8243;][vc_gallery images=&#8221;8736,8737,8738&#8243;][\/vc_column][\/vc_row][vc_row][vc_column width=&#8221;1\/2&#8243;][vc_column_text]<\/p>\n<h3 style=\"text-align: center;\">Palestra realizada em Valinhos , preven\u00e7\u00e3o sobre \u00e1lcool e drogas, 300 alunos da rede estadual.<\/h3>\n<p>[\/vc_column_text][\/vc_column][vc_column width=&#8221;1\/2&#8243;][vc_gallery images=&#8221;8740,8741,8742,8743&#8243;][\/vc_column][\/vc_row][vc_row][vc_column width=&#8221;1\/2&#8243;][vc_column_text]<\/p>\n<h3 style=\"text-align: center;\">Artesanato produzido pelos moradores de rua acolhidos na unidade de albergue<\/h3>\n<p>[\/vc_column_text][\/vc_column][vc_column width=&#8221;1\/2&#8243;][vc_gallery images=&#8221;8744,8745,8746,8747,8748,8749&#8243;][\/vc_column][\/vc_row]<\/p>\n","protected":false},"excerpt":{"rendered":"<p>[vc_row][vc_column width=&#8221;1\/2&#8243;][vc_column_text] Participa\u00e7\u00e3o no festival gastron\u00f4mico para arrecadar fundos para nossa obra social. [\/vc_column_text][\/vc_column][vc_column width=&#8221;1\/2&#8243;][vc_gallery images=&#8221;8736,8737,8738&#8243;][\/vc_column][\/vc_row][vc_row][vc_column width=&#8221;1\/2&#8243;][vc_column_text] Palestra realizada em Valinhos , preven\u00e7\u00e3o sobre \u00e1lcool e drogas, 300 alunos da rede estadual. [\/vc_column_text][\/vc_column][vc_column width=&#8221;1\/2&#8243;][vc_gallery images=&#8221;8740,8741,8742,8743&#8243;][\/vc_column][\/vc_row][vc_row][vc_column width=&#8221;1\/2&#8243;][vc_column_text] Artesanato produzido pelos moradores de rua acolhidos na unidade de albergue [\/vc_column_text][\/vc_column][vc_column width=&#8221;1\/2&#8243;][vc_gallery images=&#8221;8744,8745,8746,8747,8748,8749&#8243;][\/vc_column][\/vc_row]<\/p>\n","protected":false},"author":1,"featured_media":0,"parent":0,"menu_order":0,"comment_status":"closed","ping_status":"closed","template":"","meta":{"footnotes":""},"class_list":["post-8735","page","type-page","status-publish","hentry"],"_links":{"self":[{"href":"https:\/\/ctreencontro.org.br\/index.php\/wp-json\/wp\/v2\/pages\/8735","targetHints":{"allow":["GET"]}}],"collection":[{"href":"https:\/\/ctreencontro.org.br\/index.php\/wp-json\/wp\/v2\/pages"}],"about":[{"href":"https:\/\/ctreencontro.org.br\/index.php\/wp-json\/wp\/v2\/types\/page"}],"author":[{"embeddable":true,"href":"https:\/\/ctreencontro.org.br\/index.php\/wp-json\/wp\/v2\/users\/1"}],"replies":[{"embeddable":true,"href":"https:\/\/ctreencontro.org.br\/index.php\/wp-json\/wp\/v2\/comments?post=8735"}],"version-history":[{"count":0,"href":"https:\/\/ctreencontro.org.br\/index.php\/wp-json\/wp\/v2\/pages\/8735\/revisions"}],"wp:attachment":[{"href":"https:\/\/ctreencontro.org.br\/index.php\/wp-json\/wp\/v2\/media?parent=8735"}],"curies":[{"name":"wp","href":"https:\/\/api.w.org\/{rel}","templated":true}]}}